9 + 6)) + 5)
-31
-39 - (-11 - (3 - (15 - (-14 - -6 - -15))))
-33
What is the value of 0 - (3 - -22) - (29 + -28 + (32 - 31))?
-27
22 - (21 + -3 + (13 - 17))
8
Evaluate (22 - (0 + 0)) + (-16789 - -16761).
-6
Evaluate 63 - (-433 - -411 - (0 - -4)).
89
What is the value of -54 + -2 + 0 - (48 + -91 - -27)?
-40
What is the value of 0 + -1 + 6 - (6 + (1 - (3 - -2)))?
3
97 - (-108 - 55 - -219)
41
What is the value of (82 - (76 - 5)) + (1 - -1) + -104 + -12?
-103
What is -98 + -2 + (7 - 5 - 4) - (378 + -369)?
-111
Calculate -40 - (34 - (-5 - -36)).
-43
Evaluate (-105 - (-109 - 7)) + (-2 - -3).
12
What is the value of 0 + -10 - (7812 - 7726)?
-96
Evaluate -828 + 841 - (3 - -4 - 6).
12
What is -48 + 134 + -52 + 1?
35
What is the value of (-9 - ((-4 - 1) + 11)) + 12 + (46 - -1)?
44
Calculate -167 + 117 + -139 + 120.
-69
What is -114 + 0 + (-4 - 7) + (-6 + 11 - 1)?
-121
What is the value of (-8 - -134) + (1 - 59)?
68
What is 0 - 42 - ((-18 - (19 - (1 - -18))) + 12)?
-36
Calculate (1 - -98) + (-26 + 15 - (2 - 11 - -7)).
90
What is -15 + -3 + 9 + -8 + 21 + -25?
-21
What is (-53 - (7 + -168)) + (14 - -5) + -2?
125
Evaluate 15 + -37 + 42 - -27.
47
What is the value of (64 - (-1 + 3) - -1) + 10 + (1 - 7)?
67
What is (9 - 2) + 0 - ((-11 - -38) + -31 + -7)?
18
What is the value of 0 - ((-2 - 32) + -1 + -47 + 42)?
40
What is 155 + -48 - 207 - -25?
-75
Evaluate -41 + (-18 - -25) + (53 - 34) - 85.
-100
Calculate 73 + -192 + 90 + -2 + 35.
4
What is 64 + -25 + 22 - 39 - -83?
105
Calculate 93 + 7 + -55 + -15.
30
Evaluate (-12 - -8) + (-1 - -3) + -3 - (-1511 + 1403).
103
Evaluate -9 + -14 + (24 - 8) + -18.
-25
What is -73 + 0 + -55 + -9 + 60 + (5 - 2)?
-74
What is (101 - -1) + -153 + 75?
24
Evaluate -39 + -12 - -103 - 22.
30
Calculate -3 + -15 - (-370 - -373) - 37.
-58
What is the value of (-6 - -92) + 117 + -172?
31
What is the value of (-13 - -2) + (36 - 81 - -21)?
-35
Evaluate 14 - (4 - -6) - (16 - 1) - 7.
-18
-4 + 1 + (-7 - -1 - 72) + (38 - 32)
-75
What is the value of -1 + 3 + -1 - (-18 + 18 + (40 - 50))?
11
Calculate 124 - 125 - (34 - 3).
-32
(-218 - (-260 - -66)) + 1 + 2 + -8
-29
-5846 + 5791 + (1 - 93)
-147
What is 33 + (-87 - -43) - (-4 + 9)?
-16
What is the value of -2 + -19 + (-11 - (-6 - (15 + -15 - 6)))?
-32
Evaluate 3 - (0 + -4 + -36 + -2 + (91 - -48)).
-94
Evaluate 3 - 5 - 3 - (8 + -3 + -5).
-5
What is the value of 825 + -848 - (-14 + 1) - -10?
0
Calculate 20 - 109 - -87 - (-30 - 0).
28
What is the value of (49 - 9 - (-5 + 5)) + (-34 - -33)?
39
What is the value of 1 + -24 + 23 + -45 - -19?
-26
What is the value of -18 + (7 - ((18 - 3) + -24)) + (57 - -6)?
61
Calculate -11 - (-1 + 92 - ((-1855 - -1835) + (-1 - -10))).
-113
What is the value of (-4 - 41 - -3) + 67?
25
Calculate (31 - 73) + 56 - -11.
25
(-19 - (10 - 19 - 17)) + -29 + 4
-18
-19 + -13 + -28 + (38 - -1)
-21
0 - ((1 - 2) + -6) - (2223 + -2159)
-57
What is the value of 84 - (-13 + 1 + (-91 + 27 - -72))?
88
Calculate 0 + (-2 - -62) - (108 + -43 - 61).
56
-131 + 15 + 36 + -43 + 7
-116
Calculate -7 + 0 + -55 + -90 + 138 + -1 + 0.
-15
What is the value of 28 + -83 + 53 + 23?
21
Evaluate 3 + -19 + -2 + (-9 - 38 - 4).
-69
Evaluate 2 + 14 - (-247 + 252) - -20.
31
What is 15 + 3 + -27 + 13 + 6?
10
11 + 4 - -49 - 34
30
What is the value of 2 + (1 - 2) + (26 + (31 - 82) - -27)?
3
What is -16293 + 16275 - (-1 + -54)?
37
What is the value of 0 + (21 - (-26 + 11))?
36
What is -5 + 6 + -60 + -2 + 36 + -28 + 0?
-53
What is the value of -66 + 15 + (-271 - -196)?
-126
19 + -35 + (-14 - -8) + 108 + 4
90
-8549 - -8573 - (90 + 0 + 2)
-68
Evaluate (28 - 72 - -43) + 24.
23
What is the value of -39 + (10 - (-13 + 54 + -30))?
-40
What is the value of 33 + (-26 - (-47 + (9 - -7)))?
38
Calculate (10 - (12 + 8)) + -21 + 20.
-11
Calculate 9 - (-10 + 14 + -1 + 2 + -7).
11
What is 111 - (-151 - -51 - -268)?
-57
What is the value of (-229 + 436 - 247) + 23 + 1?
-16
-313 + 160 - (-100 - -15)
-68
Evaluate 0 + 121 + (2 - -19 - ((69 - 126) + 88)).
111
What is the value of -33 - (13 - 3 - (-5 + -1 + 11))?
-38
-108 + (126 - 65 - 66)
-113
What is the value of 10 + (-10 - (5 + -12)) - (29 + -10)?
-12
(-10120 - -10182) + -1 + -113
-52
Calculate 0 + ((-31 - -56) + (2 - 9) - 7).
11
11 - ((1 - 1) + (-3 - -4) - (8 + 49))
67
85 + 4 + (-154 - 38)
-103
What is the value of -15 + 3 + -6 + 36 + 62 - 7?
73
What is the value of -2821 - -2847 - (23 + 1 + -2)?
4
-71 - (-153 + 63 + -42)
61
What is (-1 - 0 - (-25 + 0)) + (-1472 - -1485)?
37
Evaluate 2 - 2 - (209 - 211) - (8 - 2) - -3.
-1
Calculate -21 - (-21 + 1 + 40 + -28).
-13
Calculate -102 + (25 - 5) + 22 - 4.
-64
What is (-3 - -2) + (-4 - 7) + 74 - 4?
58
Calculate 5 + 17 + -21 + -22 - -35.
14
Calculate 9 + 0 + (31 - 56 - -5).
-11
What is -1 + 3 + -20 + 23 + -23 + -22?
-40
Calculate -36 + (-24 - -1) + 27 - (-9 - 0).
-23
Evaluate -11 + 2 - (-1 - ((13 - -5) + -23)).
-13
What is -4 - (2 + -5) - 34 - (7 + -6 + 4)?
-40
Evaluate -13 + (-9 - -23) + -1 + 20 + -5 + 106.
121
What is the value of (-1 + -1 - 15) + (9230 - 9223)?
-10
29 + (16 - -5 - 84)
-34
What is -81 + 29 + 20 + -3?
-35
Calculate 48 - 46 - (133 + 0 + (-31 - -10 - -15)).
-125
What is the value of (10 - (3 + 6 + -1) - -11) + 4?
17
What is the value of (48429 - 48396) + -151 + (0 - 1)?
-119
What is 4 + 5 + 0 + (4 - (6 - 8)) + 28?
43
-1 - -26 - (376 + -329) - 21
-43
Calculate (-97 - (17 - (16 - -2))) + -22 + 33.
-85
Calculate -33 + -4 - (-12 + -30 + 95).
-90
What is (4 - (31 + -4)) + -56 + (49 - -3)?
-27
Evaluate (2 - 0) + (-79 - (-63 + -29)).
15
-15 + 2 + -30 - (11 + 3 + -23)
-34
Evaluate -27 - (-26 + 3 - 21) - -5.
22
Evaluate -6 - (5 + -17) - -55 - (-10 + 14) - 10.
47
(-4 + -2 - 144) + -340 + 386
-104
Evaluate 380 + -353 + (0 - 109) - -10.
-72
What is the value of (10 - 20) + 84 - (-5 - (9 + 0))?
88
Calculate (-14 + (-90 - -32) - 6) + (-14 - -2).
-90
53 - ((49 - 42) + 7)
39
What is (2 + -8 - -4) + -2 - (-24 + -1)?
21
Calculate 49 - ((33 - (45 + -38)) + 7).
16
What is the value of (-35 - (25 + -107)) + -37?
10
Calculate 26 + (28 - (85 - 28)) + 12.
9
Calculate -16 + 26 + (1 - -3 - -49) + (-2 - 7).
54
Calculate -3593 + 3569 - (0 - -15).
-39
What is (24 - -5) + 2 + (1084 - 1095)?
20
Calculate (7 - 6 - (26 + -7) - -31) + -7.
6
Calculate (4 - ((1 - -6) + (63 - 65))) + 55.
54
Evaluate 38 + -68 - -15 - -44 - -51.
80
(32 - (24 + 16)) + -35
-43
Evaluate 15 - (21 + -4) - (9 - (0 + (8 - 9))).
-12
Evaluate -1 + -53 - (675 - 769).
40
What is -14 - ((-26 - -25 - 16) + 47)?
-44
Evaluate 64 + ((31 - -29) + -29 - 31).
64
What is the value of 51 - (3 - -42) - -19?
25
26 + -51 + -10 - 46
-81
Evaluate (-3 - -4) + -19 - (177 + -190) - -6.
1
What is 1 + 3 + 28 - (-28 - 22)?
82
Evaluate 17 - (10 - (7 + (20 - 18))).
16
What is -15 - (-4 - ((-31 - -27) + 32))?
17
Calculate -215 + (-38 - -255) - (109 - 0).
-107
What is the value of -44 - (((10 - 11) + -16 - -32) + -10)?
-49
What is the value of 5 - (11 + 1) - (-20 + 3 - -38)?
-28
What is -65 - -49 - (5 - -6)?
-27
What is the value of -11 + 1 + -120 + 163?
33
What is the value of -8 - 11 - -7 - (6 + -5 + 4 - 3)?
-14
Calculate -10 + -6 + 13 + -1 - (-55 + 7).
44
Evaluate (114 - 139) + -84 + 121 + (-1 + 1 - -1).
13
-526 + 533 - (109 + -9)
-93
Calculate -7 + 0 + 61 + 202 + -219.
37
What is 38 + -91 - -8 - (1 - 5)?
-41
-4 + (1 - (3 + 4)) + 84 + -143
-69
4 - (-6 + -3 + 24) - -33
22
What is (17 - (85 + 1)) + 4 + -5 + 1 + 5?
-64
Evaluate 4 + 60 + 1133 + -1164.
33
What is -82 - -1 - (-22 - (-58 + 29 + 15))?
-73
Evaluate (9 + (16 - 6) - -8) + 31.
58
Calculate -46 + 98 - (4 + 9).
39
Evaluate 0 - (-12 - -1) - (6 - -12 - (191 - 130)).
54
What is the value of 1 - ((17 - 57) + 14 - -21)?
6
Evaluate -4 - (-4 - -2) - 12 - 16.
-30
What is the value of (76 - -2 - (7 - 40)) + 26?
137
Calculate 2 - 35 - (95 - 18 - 60).
-50
What is the value of -5 - (7 - (4 - 0)) - (3 + 22)?
-33
110 + (-60 - 31) + (0 + -8 - -2)
13
What is the value of -13 + ((0 - -4) + 20 - (-215 + 277))?
-51
Evaluate 9 + -13 - 9 - (36 - (25 + -13)) - -12.
-25
What is the value of -277 + 179 - (-3 - 5 - (5 + -4 + 3))?
-86
Calculate (0 + 2 - 11) + (53 - 81).
-37
-157 + 115 + 27 - (-2 + 0 - 74)
61
What is the value of (61 - (30 - -6)) + (-144 - (9 - -4))?
-132
Evaluate (366 - 185 - 198) + -2 + 47.
28
What is 20 + -95 + 21 + (-49 - -1)?
-102
Evaluate 47 - (-15 + 47 + -38